{"version":"1.0","provider_name":"Dignificando la Memoria","provider_url":"https:\/\/www.imdhd.org\/dignificando-la-memoria","author_name":"admin","author_url":"https:\/\/www.imdhd.org\/dignificando-la-memoria\/author\/admin\/","title":"Karina Yazm\u00edn Alducin Rodr\u00edguez - Dignificando la Memoria","type":"rich","width":600,"height":338,"html":"<blockquote class=\"wp-embedded-content\" data-secret=\"tTCvwiUmiE\"><a href=\"https:\/\/www.imdhd.org\/dignificando-la-memoria\/memorias\/karina-yazmin-alducin-rodriguez\/\">Karina Yazm\u00edn Alducin Rodr\u00edguez<\/a><\/blockquote><iframe sandbox=\"allow-scripts\" security=\"restricted\" src=\"https:\/\/www.imdhd.org\/dignificando-la-memoria\/memorias\/karina-yazmin-alducin-rodriguez\/embed\/#?secret=tTCvwiUmiE\" width=\"600\" height=\"338\" title=\"\u00abKarina Yazm\u00edn Alducin Rodr\u00edguez\u00bb \u2014 Dignificando la Memoria\" data-secret=\"tTCvwiUmiE\" frameborder=\"0\" marginwidth=\"0\" marginheight=\"0\" scrolling=\"no\" class=\"wp-embedded-content\"><\/iframe><script>\n\/*! This file is auto-generated *\/\n!function(d,l){\"use strict\";l.querySelector&&d.addEventListener&&\"undefined\"!=typeof URL&&(d.wp=d.wp||{},d.wp.receiveEmbedMessage||(d.wp.receiveEmbedMessage=function(e){var t=e.data;if((t||t.secret||t.message||t.value)&&!\/[^a-zA-Z0-9]\/.test(t.secret)){for(var s,r,n,a=l.querySelectorAll('iframe[data-secret=\"'+t.secret+'\"]'),o=l.querySelectorAll('blockquote[data-secret=\"'+t.secret+'\"]'),c=new RegExp(\"^https?:$\",\"i\"),i=0;i<o.length;i++)o[i].style.display=\"none\";for(i=0;i<a.length;i++)s=a[i],e.source===s.contentWindow&&(s.removeAttribute(\"style\"),\"height\"===t.message?(1e3<(r=parseInt(t.value,10))?r=1e3:~~r<200&&(r=200),s.height=r):\"link\"===t.message&&(r=new URL(s.getAttribute(\"src\")),n=new URL(t.value),c.test(n.protocol))&&n.host===r.host&&l.activeElement===s&&(d.top.location.href=t.value))}},d.addEventListener(\"message\",d.wp.receiveEmbedMessage,!1),l.addEventListener(\"DOMContentLoaded\",function(){for(var e,t,s=l.querySelectorAll(\"iframe.wp-embedded-content\"),r=0;r<s.length;r++)(t=(e=s[r]).getAttribute(\"data-secret\"))||(t=Math.random().toString(36).substring(2,12),e.src+=\"#?secret=\"+t,e.setAttribute(\"data-secret\",t)),e.contentWindow.postMessage({message:\"ready\",secret:t},\"*\")},!1)))}(window,document);\n\/\/# sourceURL=https:\/\/www.imdhd.org\/dignificando-la-memoria\/wp-includes\/js\/wp-embed.min.js\n<\/script>\n","thumbnail_url":"https:\/\/www.imdhd.org\/dignificando-la-memoria\/wp-content\/uploads\/2022\/03\/karina-2.jpg","thumbnail_width":720,"thumbnail_height":344,"description":"Siempre fue una hija noble, demasiado noble. Nunca andaba enojada. Nunca andaba de malas. Aunque le dieran una mala cara ella al otro d\u00eda hablaba igual. Tiene el car\u00e1cter m\u00edo de no ser rencorosa (&#8230;) Le gustaba mucho bailar, nos gustaba ir a bailar a las dos, escuchar m\u00fasica y estar conmigo. Madre de Marisela [&hellip;]"}

Karina Yazmín Alducin Rodríguez - Dignificando la Memoria

<blockquote class="wp-embedded-content" data-secret="tTCvwiUmiE"><a href="https://www.imdhd.org/dignificando-la-memoria/memorias/karina-yazmin-alducin-rodriguez/">Karina Yazmín Alducin Rodríguez</a></blockquote><iframe sandbox="allow-scripts" security="restricted" src="https://www.imdhd.org/dignificando-la-memoria/memorias/karina-yazmin-alducin-rodriguez/embed/#?secret=tTCvwiUmiE" width="600" height="338" title="«Karina Yazmín Alducin Rodríguez» — Dignificando la Memoria" data-secret="tTCvwiUmiE" frameborder="0" marginwidth="0" marginheight="0" scrolling="no" class="wp-embedded-content"></iframe><script>
/*! This file is auto-generated */
!function(d,l){"use strict";l.querySelector&&d.addEventListener&&"undefined"!=typeof URL&&(d.wp=d.wp||{},d.wp.receiveEmbedMessage||(d.wp.receiveEmbedMessage=function(e){var t=e.data;if((t||t.secret||t.message||t.value)&&!/[^a-zA-Z0-9]/.test(t.secret)){for(var s,r,n,a=l.querySelectorAll('iframe[data-secret="'+t.secret+'"]'),o=l.querySelectorAll('blockquote[data-secret="'+t.secret+'"]'),c=new RegExp("^https?:$","i"),i=0;i<o.length;i++)o[i].style.display="none";for(i=0;i<a.length;i++)s=a[i],e.source===s.contentWindow&&(s.removeAttribute("style"),"height"===t.message?(1e3<(r=parseInt(t.value,10))?r=1e3:~~r<200&&(r=200),s.height=r):"link"===t.message&&(r=new URL(s.getAttribute("src")),n=new URL(t.value),c.test(n.protocol))&&n.host===r.host&&l.activeElement===s&&(d.top.location.href=t.value))}},d.addEventListener("message",d.wp.receiveEmbedMessage,!1),l.addEventListener("DOMContentLoaded",function(){for(var e,t,s=l.querySelectorAll("iframe.wp-embedded-content"),r=0;r<s.length;r++)(t=(e=s[r]).getAttribute("data-secret"))||(t=Math.random().toString(36).substring(2,12),e.src+="#?secret="+t,e.setAttribute("data-secret",t)),e.contentWindow.postMessage({message:"ready",secret:t},"*")},!1)))}(window,document);
//# sourceURL=https://www.imdhd.org/dignificando-la-memoria/wp-includes/js/wp-embed.min.js
</script>

Siempre fue una hija noble, demasiado noble. Nunca andaba enojada. Nunca andaba de malas. Aunque le dieran una mala cara ella al otro día hablaba igual. Tiene el carácter mío de no ser rencorosa (&#8230;) Le gustaba mucho bailar, nos gustaba ir a bailar a las dos, escuchar música y estar conmigo. Madre de Marisela [&hellip;]
