{"version":"1.0","provider_name":"Dignificando la Memoria","provider_url":"https:\/\/www.imdhd.org\/dignificando-la-memoria","author_name":"admin","author_url":"https:\/\/www.imdhd.org\/dignificando-la-memoria\/author\/admin\/","title":"Crecencio - Dignificando la Memoria","type":"rich","width":600,"height":338,"html":"<blockquote class=\"wp-embedded-content\" data-secret=\"ol3Do6RNg1\"><a href=\"https:\/\/www.imdhd.org\/dignificando-la-memoria\/memorias\/memorias-veracruz\/crecencio\/\">Crecencio<\/a><\/blockquote><iframe sandbox=\"allow-scripts\" security=\"restricted\" src=\"https:\/\/www.imdhd.org\/dignificando-la-memoria\/memorias\/memorias-veracruz\/crecencio\/embed\/#?secret=ol3Do6RNg1\" width=\"600\" height=\"338\" title=\"\u00abCrecencio\u00bb \u2014 Dignificando la Memoria\" data-secret=\"ol3Do6RNg1\" frameborder=\"0\" marginwidth=\"0\" marginheight=\"0\" scrolling=\"no\" class=\"wp-embedded-content\"><\/iframe><script>\n\/*! This file is auto-generated *\/\n!function(d,l){\"use strict\";l.querySelector&&d.addEventListener&&\"undefined\"!=typeof URL&&(d.wp=d.wp||{},d.wp.receiveEmbedMessage||(d.wp.receiveEmbedMessage=function(e){var t=e.data;if((t||t.secret||t.message||t.value)&&!\/[^a-zA-Z0-9]\/.test(t.secret)){for(var s,r,n,a=l.querySelectorAll('iframe[data-secret=\"'+t.secret+'\"]'),o=l.querySelectorAll('blockquote[data-secret=\"'+t.secret+'\"]'),c=new RegExp(\"^https?:$\",\"i\"),i=0;i<o.length;i++)o[i].style.display=\"none\";for(i=0;i<a.length;i++)s=a[i],e.source===s.contentWindow&&(s.removeAttribute(\"style\"),\"height\"===t.message?(1e3<(r=parseInt(t.value,10))?r=1e3:~~r<200&&(r=200),s.height=r):\"link\"===t.message&&(r=new URL(s.getAttribute(\"src\")),n=new URL(t.value),c.test(n.protocol))&&n.host===r.host&&l.activeElement===s&&(d.top.location.href=t.value))}},d.addEventListener(\"message\",d.wp.receiveEmbedMessage,!1),l.addEventListener(\"DOMContentLoaded\",function(){for(var e,t,s=l.querySelectorAll(\"iframe.wp-embedded-content\"),r=0;r<s.length;r++)(t=(e=s[r]).getAttribute(\"data-secret\"))||(t=Math.random().toString(36).substring(2,12),e.src+=\"#?secret=\"+t,e.setAttribute(\"data-secret\",t)),e.contentWindow.postMessage({message:\"ready\",secret:t},\"*\")},!1)))}(window,document);\n\/\/# sourceURL=https:\/\/www.imdhd.org\/dignificando-la-memoria\/wp-includes\/js\/wp-embed.min.js\n<\/script>\n","thumbnail_url":"https:\/\/www.imdhd.org\/dignificando-la-memoria\/wp-content\/uploads\/2021\/07\/banner-testimonios.svg","thumbnail_width":1,"thumbnail_height":1,"description":"Mi t\u00edo Crecencio fue secuestrado aproximadamente el 15 de enero del 2018. Seis de la ma\u00f1ana en su domicilio. No sabemos qui\u00e9n fue, se tuvo que pagar rescate. Estuvo privado de su libertad tres d\u00edas"}

Mi tío Crecencio fue secuestrado aproximadamente el 15 de enero del 2018. Seis de la mañana en su domicilio. No sabemos quién fue, se tuvo que pagar rescate. Estuvo privado de su libertad tres días
