{"id":2419,"date":"2022-05-02T19:32:12","date_gmt":"2022-05-02T19:32:12","guid":{"rendered":"https:\/\/www.imdhd.org\/dignificando-la-memoria\/?page_id=2419"},"modified":"2022-05-02T19:59:39","modified_gmt":"2022-05-02T19:59:39","slug":"tu-memoria-cuenta","status":"publish","type":"page","link":"https:\/\/www.imdhd.org\/dignificando-la-memoria\/tu-memoria-cuenta\/","title":{"rendered":"Tu memoria cuenta"},"content":{"rendered":"\n<p>Este es un espacio que tiene sentido si se construye con las memorias de todas y todos. Si desea incluir un espacio de memoria para dignificar la vida de un familiar desaparecido, puede hacerlo por medio del siguiente formulario.<\/p>\n\n\n\n<p>Tenga en cuenta que este es un espacio que prioriza las voces de los familiares de v\u00edctimas de desaparici\u00f3n. Por tanto, los testimonios en texto, video, audio y dem\u00e1s formatos debe ser en un lenguaje que vaya en pro de dignificar la vida de los desaparecidos y de quienes les buscan.<\/p>\n\n\n\n<p>La informaci\u00f3n requerida para construir el lugar virtual de memoria de la persona desaparecida ser\u00e1 tratada con la mayor reserva. Usted decide qu\u00e9 datos ser\u00e1n p\u00fablicos en el testimonio. Puede hacerlo de manera an\u00f3nima, pero la informaci\u00f3n debe ser corroborada por las personas encargadas de subir los datos al sitio web.<\/p>\n\n\n\n<iframe loading=\"lazy\" src=\"https:\/\/docs.google.com\/forms\/d\/e\/1FAIpQLSfYdANVPpF6bYNseHKRUFHIbBAwvI2RhSkooHmCLSH-XDvEJg\/viewform?embedded=true\" width=\"100%\" height=\"4498\" frameborder=\"0\" marginheight=\"0\" marginwidth=\"0\">Cargando\u2026<\/iframe>\n","protected":false},"excerpt":{"rendered":"<p>Este es un espacio que tiene sentido si se construye con las memorias de todas y todos. Si desea incluir un espacio de memoria para dignificar la vida de un familiar desaparecido, puede hacerlo por medio del siguiente formulario. Tenga en cuenta que este es un espacio que prioriza las voces de los familiares de [&hellip;]<\/p>\n","protected":false},"author":1,"featured_media":0,"parent":0,"menu_order":0,"comment_status":"closed","ping_status":"closed","template":"","meta":{"_coblocks_attr":"","_coblocks_dimensions":"","_coblocks_responsive_height":"","_coblocks_accordion_ie_support":"","ub_ctt_via":"","footnotes":""},"class_list":["post-2419","page","type-page","status-publish","hentry"],"acf":[],"featured_image_src":null,"yoast_head":"<!-- This site is optimized with the Yoast SEO plugin v21.8 - https:\/\/yoast.com\/wordpress\/plugins\/seo\/ -->\n<title>Tu memoria cuenta - Dignificando la Memoria<\/title>\n<meta name=\"robots\" content=\"index, follow, max-snippet:-1, max-image-preview:large, max-video-preview:-1\" \/>\n<link rel=\"canonical\" href=\"https:\/\/www.imdhd.org\/dignificando-la-memoria\/tu-memoria-cuenta\/\" \/>\n<meta property=\"og:locale\" content=\"es_ES\" \/>\n<meta property=\"og:type\" content=\"article\" \/>\n<meta property=\"og:title\" content=\"Tu memoria cuenta - Dignificando la Memoria\" \/>\n<meta property=\"og:description\" content=\"Este es un espacio que tiene sentido si se construye con las memorias de todas y todos. Si desea incluir un espacio de memoria para dignificar la vida de un familiar desaparecido, puede hacerlo por medio del siguiente formulario. Tenga en cuenta que este es un espacio que prioriza las voces de los familiares de [&hellip;]\" \/>\n<meta property=\"og:url\" content=\"https:\/\/www.imdhd.org\/dignificando-la-memoria\/tu-memoria-cuenta\/\" \/>\n<meta property=\"og:site_name\" content=\"Dignificando la Memoria\" \/>\n<meta property=\"article:modified_time\" content=\"2022-05-02T19:59:39+00:00\" \/>\n<meta name=\"twitter:card\" content=\"summary_large_image\" \/>\n<meta name=\"twitter:label1\" content=\"Tiempo de lectura\" \/>\n\t<meta name=\"twitter:data1\" content=\"1 minuto\" \/>\n<script type=\"application\/ld+json\" class=\"yoast-schema-graph\">{\"@context\":\"https:\/\/schema.org\",\"@graph\":[{\"@type\":\"WebPage\",\"@id\":\"https:\/\/www.imdhd.org\/dignificando-la-memoria\/tu-memoria-cuenta\/\",\"url\":\"https:\/\/www.imdhd.org\/dignificando-la-memoria\/tu-memoria-cuenta\/\",\"name\":\"Tu memoria cuenta - Dignificando la Memoria\",\"isPartOf\":{\"@id\":\"http:\/\/www.imdhd.org\/dignificando-la-memoria\/#website\"},\"datePublished\":\"2022-05-02T19:32:12+00:00\",\"dateModified\":\"2022-05-02T19:59:39+00:00\",\"breadcrumb\":{\"@id\":\"https:\/\/www.imdhd.org\/dignificando-la-memoria\/tu-memoria-cuenta\/#breadcrumb\"},\"inLanguage\":\"es\",\"potentialAction\":[{\"@type\":\"ReadAction\",\"target\":[\"https:\/\/www.imdhd.org\/dignificando-la-memoria\/tu-memoria-cuenta\/\"]}]},{\"@type\":\"BreadcrumbList\",\"@id\":\"https:\/\/www.imdhd.org\/dignificando-la-memoria\/tu-memoria-cuenta\/#breadcrumb\",\"itemListElement\":[{\"@type\":\"ListItem\",\"position\":1,\"name\":\"Portada\",\"item\":\"http:\/\/www.imdhd.org\/dignificando-la-memoria\/\"},{\"@type\":\"ListItem\",\"position\":2,\"name\":\"Tu memoria cuenta\"}]},{\"@type\":\"WebSite\",\"@id\":\"http:\/\/www.imdhd.org\/dignificando-la-memoria\/#website\",\"url\":\"http:\/\/www.imdhd.org\/dignificando-la-memoria\/\",\"name\":\"Dignificando la Memoria\",\"description\":\"Un proyecto que rescata y dignifica la memoria de las personas desaparecidas en M&eacute;xico\",\"publisher\":{\"@id\":\"http:\/\/www.imdhd.org\/dignificando-la-memoria\/#organization\"},\"potentialAction\":[{\"@type\":\"SearchAction\",\"target\":{\"@type\":\"EntryPoint\",\"urlTemplate\":\"http:\/\/www.imdhd.org\/dignificando-la-memoria\/?s={search_term_string}\"},\"query-input\":\"required name=search_term_string\"}],\"inLanguage\":\"es\"},{\"@type\":\"Organization\",\"@id\":\"http:\/\/www.imdhd.org\/dignificando-la-memoria\/#organization\",\"name\":\"Dignificando la Memoria\",\"url\":\"http:\/\/www.imdhd.org\/dignificando-la-memoria\/\",\"logo\":{\"@type\":\"ImageObject\",\"inLanguage\":\"es\",\"@id\":\"http:\/\/www.imdhd.org\/dignificando-la-memoria\/#\/schema\/logo\/image\/\",\"url\":\"https:\/\/www.imdhd.org\/dignificando-la-memoria\/wp-content\/uploads\/2021\/07\/id-dignificando-1.svg\",\"contentUrl\":\"https:\/\/www.imdhd.org\/dignificando-la-memoria\/wp-content\/uploads\/2021\/07\/id-dignificando-1.svg\",\"caption\":\"Dignificando la Memoria\"},\"image\":{\"@id\":\"http:\/\/www.imdhd.org\/dignificando-la-memoria\/#\/schema\/logo\/image\/\"}}]}<\/script>\n<!-- \/ Yoast SEO plugin. -->","yoast_head_json":{"title":"Tu memoria cuenta - Dignificando la Memoria","robots":{"index":"index","follow":"follow","max-snippet":"max-snippet:-1","max-image-preview":"max-image-preview:large","max-video-preview":"max-video-preview:-1"},"canonical":"https:\/\/www.imdhd.org\/dignificando-la-memoria\/tu-memoria-cuenta\/","og_locale":"es_ES","og_type":"article","og_title":"Tu memoria cuenta - Dignificando la Memoria","og_description":"Este es un espacio que tiene sentido si se construye con las memorias de todas y todos. Si desea incluir un espacio de memoria para dignificar la vida de un familiar desaparecido, puede hacerlo por medio del siguiente formulario. Tenga en cuenta que este es un espacio que prioriza las voces de los familiares de [&hellip;]","og_url":"https:\/\/www.imdhd.org\/dignificando-la-memoria\/tu-memoria-cuenta\/","og_site_name":"Dignificando la Memoria","article_modified_time":"2022-05-02T19:59:39+00:00","twitter_card":"summary_large_image","twitter_misc":{"Tiempo de lectura":"1 minuto"},"schema":{"@context":"https:\/\/schema.org","@graph":[{"@type":"WebPage","@id":"https:\/\/www.imdhd.org\/dignificando-la-memoria\/tu-memoria-cuenta\/","url":"https:\/\/www.imdhd.org\/dignificando-la-memoria\/tu-memoria-cuenta\/","name":"Tu memoria cuenta - Dignificando la Memoria","isPartOf":{"@id":"http:\/\/www.imdhd.org\/dignificando-la-memoria\/#website"},"datePublished":"2022-05-02T19:32:12+00:00","dateModified":"2022-05-02T19:59:39+00:00","breadcrumb":{"@id":"https:\/\/www.imdhd.org\/dignificando-la-memoria\/tu-memoria-cuenta\/#breadcrumb"},"inLanguage":"es","potentialAction":[{"@type":"ReadAction","target":["https:\/\/www.imdhd.org\/dignificando-la-memoria\/tu-memoria-cuenta\/"]}]},{"@type":"BreadcrumbList","@id":"https:\/\/www.imdhd.org\/dignificando-la-memoria\/tu-memoria-cuenta\/#breadcrumb","itemListElement":[{"@type":"ListItem","position":1,"name":"Portada","item":"http:\/\/www.imdhd.org\/dignificando-la-memoria\/"},{"@type":"ListItem","position":2,"name":"Tu memoria cuenta"}]},{"@type":"WebSite","@id":"http:\/\/www.imdhd.org\/dignificando-la-memoria\/#website","url":"http:\/\/www.imdhd.org\/dignificando-la-memoria\/","name":"Dignificando la Memoria","description":"Un proyecto que rescata y dignifica la memoria de las personas desaparecidas en M&eacute;xico","publisher":{"@id":"http:\/\/www.imdhd.org\/dignificando-la-memoria\/#organization"},"potentialAction":[{"@type":"SearchAction","target":{"@type":"EntryPoint","urlTemplate":"http:\/\/www.imdhd.org\/dignificando-la-memoria\/?s={search_term_string}"},"query-input":"required name=search_term_string"}],"inLanguage":"es"},{"@type":"Organization","@id":"http:\/\/www.imdhd.org\/dignificando-la-memoria\/#organization","name":"Dignificando la Memoria","url":"http:\/\/www.imdhd.org\/dignificando-la-memoria\/","logo":{"@type":"ImageObject","inLanguage":"es","@id":"http:\/\/www.imdhd.org\/dignificando-la-memoria\/#\/schema\/logo\/image\/","url":"https:\/\/www.imdhd.org\/dignificando-la-memoria\/wp-content\/uploads\/2021\/07\/id-dignificando-1.svg","contentUrl":"https:\/\/www.imdhd.org\/dignificando-la-memoria\/wp-content\/uploads\/2021\/07\/id-dignificando-1.svg","caption":"Dignificando la Memoria"},"image":{"@id":"http:\/\/www.imdhd.org\/dignificando-la-memoria\/#\/schema\/logo\/image\/"}}]}},"_links":{"self":[{"href":"https:\/\/www.imdhd.org\/dignificando-la-memoria\/wp-json\/wp\/v2\/pages\/2419","targetHints":{"allow":["GET"]}}],"collection":[{"href":"https:\/\/www.imdhd.org\/dignificando-la-memoria\/wp-json\/wp\/v2\/pages"}],"about":[{"href":"https:\/\/www.imdhd.org\/dignificando-la-memoria\/wp-json\/wp\/v2\/types\/page"}],"author":[{"embeddable":true,"href":"https:\/\/www.imdhd.org\/dignificando-la-memoria\/wp-json\/wp\/v2\/users\/1"}],"replies":[{"embeddable":true,"href":"https:\/\/www.imdhd.org\/dignificando-la-memoria\/wp-json\/wp\/v2\/comments?post=2419"}],"version-history":[{"count":3,"href":"https:\/\/www.imdhd.org\/dignificando-la-memoria\/wp-json\/wp\/v2\/pages\/2419\/revisions"}],"predecessor-version":[{"id":2423,"href":"https:\/\/www.imdhd.org\/dignificando-la-memoria\/wp-json\/wp\/v2\/pages\/2419\/revisions\/2423"}],"wp:attachment":[{"href":"https:\/\/www.imdhd.org\/dignificando-la-memoria\/wp-json\/wp\/v2\/media?parent=2419"}],"curies":[{"name":"wp","href":"https:\/\/api.w.org\/{rel}","templated":true}]}}

<p>Este es un espacio que tiene sentido si se construye con las memorias de todas y todos. Si desea incluir un espacio de memoria para dignificar la vida de un familiar desaparecido, puede hacerlo por medio del siguiente formulario.</p>



<p>Tenga en cuenta que este es un espacio que prioriza las voces de los familiares de víctimas de desaparición. Por tanto, los testimonios en texto, video, audio y demás formatos debe ser en un lenguaje que vaya en pro de dignificar la vida de los desaparecidos y de quienes les buscan.</p>



<p>La información requerida para construir el lugar virtual de memoria de la persona desaparecida será tratada con la mayor reserva. Usted decide qué datos serán públicos en el testimonio. Puede hacerlo de manera anónima, pero la información debe ser corroborada por las personas encargadas de subir los datos al sitio web.</p>



<iframe loading="lazy" src="https://docs.google.com/forms/d/e/1FAIpQLSfYdANVPpF6bYNseHKRUFHIbBAwvI2RhSkooHmCLSH-XDvEJg/viewform?embedded=true" width="100%" height="4498" frameborder="0" marginheight="0" marginwidth="0">Cargando…</iframe>
