{"id":59,"date":"2021-07-20T22:05:25","date_gmt":"2021-07-20T22:05:25","guid":{"rendered":"https:\/\/www.imdhd.org\/dignificando-la-memoria\/?page_id=59"},"modified":"2021-08-03T00:40:57","modified_gmt":"2021-08-03T00:40:57","slug":"el-proyecto","status":"publish","type":"page","link":"https:\/\/www.imdhd.org\/dignificando-la-memoria\/el-proyecto\/","title":{"rendered":"El proyecto"},"content":{"rendered":"\n<p>Este proyecto busca propiciar las condiciones para que la voz de los familiares de las v\u00edctimas de desaparici\u00f3n sea atendida con el mayor respeto. A trav\u00e9s del mismo, las personas que han proporcionado su testimonio han sido capaces de alzar la voz y tejer una memoria colectiva que perdurar\u00e1 para la posteridad, manteniendo viva la llama de la b\u00fasqueda de sus seres queridos.<\/p>\n\n\n\n<p>Como legado del proyecto, esta herramienta tecnol\u00f3gica queda a disposici\u00f3n de cualquier persona, colectivo u organizaci\u00f3n para que, por su propia cuenta, puedan documentar su caso o alg\u00fan otro que sea de su inter\u00e9s. Una de las finalidades del proyecto es que este mosaico de testimonios contin\u00fae aliment\u00e1ndose para constituir y desarrollar una historia lo m\u00e1s amplia y abarcadora posible a trav\u00e9s de una base de datos que est\u00e1 a disposici\u00f3n en la CEAV.<\/p>\n\n\n\n<p>En este aplicativo puede encontrar solamente los videos y audios de los familiares que brindaron su autorizaci\u00f3n para difundir y publicar su informaci\u00f3n.<\/p>\n\n\n\n<h3 class=\"wp-block-heading\">Antecedentes del proyecto<\/h3>\n\n\n\n<p>El presente trabajo deriva de la resoluci\u00f3n n\u00famero CEAV\/CIE\/0248\/2018 de fecha 24\/09\/2018, a trav\u00e9s de la cual la CEAV determina medidas de satisfacci\u00f3n de car\u00e1cter colectivo, como parte del derecho a la reparaci\u00f3n colectiva a favor de las v\u00edctimas de desaparici\u00f3n forzada y desaparici\u00f3n cometida por particulares en el Estado de Veracruz.<\/p>\n","protected":false},"excerpt":{"rendered":"<p>Este proyecto busca propiciar las condiciones para que la voz de los familiares de las v\u00edctimas de desaparici\u00f3n sea atendida con el mayor respeto. A trav\u00e9s del mismo, las personas que han proporcionado su testimonio han sido capaces de alzar la voz y tejer una memoria colectiva que perdurar\u00e1 para la posteridad, manteniendo viva la [&hellip;]<\/p>\n","protected":false},"author":1,"featured_media":0,"parent":0,"menu_order":0,"comment_status":"closed","ping_status":"closed","template":"","meta":{"_coblocks_attr":"","_coblocks_dimensions":"","_coblocks_responsive_height":"","_coblocks_accordion_ie_support":"","ub_ctt_via":"","footnotes":""},"class_list":["post-59","page","type-page","status-publish","hentry"],"acf":[],"featured_image_src":null,"yoast_head":"<!-- This site is optimized with the Yoast SEO plugin v21.8 - https:\/\/yoast.com\/wordpress\/plugins\/seo\/ -->\n<title>El proyecto - Dignificando la Memoria<\/title>\n<meta name=\"robots\" content=\"index, follow, max-snippet:-1, max-image-preview:large, max-video-preview:-1\" \/>\n<link rel=\"canonical\" href=\"https:\/\/www.imdhd.org\/dignificando-la-memoria\/el-proyecto\/\" \/>\n<meta property=\"og:locale\" content=\"es_ES\" \/>\n<meta property=\"og:type\" content=\"article\" \/>\n<meta property=\"og:title\" content=\"El proyecto - Dignificando la Memoria\" \/>\n<meta property=\"og:description\" content=\"Este proyecto busca propiciar las condiciones para que la voz de los familiares de las v\u00edctimas de desaparici\u00f3n sea atendida con el mayor respeto. A trav\u00e9s del mismo, las personas que han proporcionado su testimonio han sido capaces de alzar la voz y tejer una memoria colectiva que perdurar\u00e1 para la posteridad, manteniendo viva la [&hellip;]\" \/>\n<meta property=\"og:url\" content=\"https:\/\/www.imdhd.org\/dignificando-la-memoria\/el-proyecto\/\" \/>\n<meta property=\"og:site_name\" content=\"Dignificando la Memoria\" \/>\n<meta property=\"article:modified_time\" content=\"2021-08-03T00:40:57+00:00\" \/>\n<meta name=\"twitter:card\" content=\"summary_large_image\" \/>\n<meta name=\"twitter:label1\" content=\"Tiempo de lectura\" \/>\n\t<meta name=\"twitter:data1\" content=\"1 minuto\" \/>\n<script type=\"application\/ld+json\" class=\"yoast-schema-graph\">{\"@context\":\"https:\/\/schema.org\",\"@graph\":[{\"@type\":\"WebPage\",\"@id\":\"https:\/\/www.imdhd.org\/dignificando-la-memoria\/el-proyecto\/\",\"url\":\"https:\/\/www.imdhd.org\/dignificando-la-memoria\/el-proyecto\/\",\"name\":\"El proyecto - Dignificando la Memoria\",\"isPartOf\":{\"@id\":\"http:\/\/www.imdhd.org\/dignificando-la-memoria\/#website\"},\"datePublished\":\"2021-07-20T22:05:25+00:00\",\"dateModified\":\"2021-08-03T00:40:57+00:00\",\"breadcrumb\":{\"@id\":\"https:\/\/www.imdhd.org\/dignificando-la-memoria\/el-proyecto\/#breadcrumb\"},\"inLanguage\":\"es\",\"potentialAction\":[{\"@type\":\"ReadAction\",\"target\":[\"https:\/\/www.imdhd.org\/dignificando-la-memoria\/el-proyecto\/\"]}]},{\"@type\":\"BreadcrumbList\",\"@id\":\"https:\/\/www.imdhd.org\/dignificando-la-memoria\/el-proyecto\/#breadcrumb\",\"itemListElement\":[{\"@type\":\"ListItem\",\"position\":1,\"name\":\"Portada\",\"item\":\"http:\/\/www.imdhd.org\/dignificando-la-memoria\/\"},{\"@type\":\"ListItem\",\"position\":2,\"name\":\"El proyecto\"}]},{\"@type\":\"WebSite\",\"@id\":\"http:\/\/www.imdhd.org\/dignificando-la-memoria\/#website\",\"url\":\"http:\/\/www.imdhd.org\/dignificando-la-memoria\/\",\"name\":\"Dignificando la Memoria\",\"description\":\"Un proyecto que rescata y dignifica la memoria de las personas desaparecidas en M&eacute;xico\",\"publisher\":{\"@id\":\"http:\/\/www.imdhd.org\/dignificando-la-memoria\/#organization\"},\"potentialAction\":[{\"@type\":\"SearchAction\",\"target\":{\"@type\":\"EntryPoint\",\"urlTemplate\":\"http:\/\/www.imdhd.org\/dignificando-la-memoria\/?s={search_term_string}\"},\"query-input\":\"required name=search_term_string\"}],\"inLanguage\":\"es\"},{\"@type\":\"Organization\",\"@id\":\"http:\/\/www.imdhd.org\/dignificando-la-memoria\/#organization\",\"name\":\"Dignificando la Memoria\",\"url\":\"http:\/\/www.imdhd.org\/dignificando-la-memoria\/\",\"logo\":{\"@type\":\"ImageObject\",\"inLanguage\":\"es\",\"@id\":\"http:\/\/www.imdhd.org\/dignificando-la-memoria\/#\/schema\/logo\/image\/\",\"url\":\"https:\/\/www.imdhd.org\/dignificando-la-memoria\/wp-content\/uploads\/2021\/07\/id-dignificando-1.svg\",\"contentUrl\":\"https:\/\/www.imdhd.org\/dignificando-la-memoria\/wp-content\/uploads\/2021\/07\/id-dignificando-1.svg\",\"caption\":\"Dignificando la Memoria\"},\"image\":{\"@id\":\"http:\/\/www.imdhd.org\/dignificando-la-memoria\/#\/schema\/logo\/image\/\"}}]}<\/script>\n<!-- \/ Yoast SEO plugin. -->","yoast_head_json":{"title":"El proyecto - Dignificando la Memoria","robots":{"index":"index","follow":"follow","max-snippet":"max-snippet:-1","max-image-preview":"max-image-preview:large","max-video-preview":"max-video-preview:-1"},"canonical":"https:\/\/www.imdhd.org\/dignificando-la-memoria\/el-proyecto\/","og_locale":"es_ES","og_type":"article","og_title":"El proyecto - Dignificando la Memoria","og_description":"Este proyecto busca propiciar las condiciones para que la voz de los familiares de las v\u00edctimas de desaparici\u00f3n sea atendida con el mayor respeto. A trav\u00e9s del mismo, las personas que han proporcionado su testimonio han sido capaces de alzar la voz y tejer una memoria colectiva que perdurar\u00e1 para la posteridad, manteniendo viva la [&hellip;]","og_url":"https:\/\/www.imdhd.org\/dignificando-la-memoria\/el-proyecto\/","og_site_name":"Dignificando la Memoria","article_modified_time":"2021-08-03T00:40:57+00:00","twitter_card":"summary_large_image","twitter_misc":{"Tiempo de lectura":"1 minuto"},"schema":{"@context":"https:\/\/schema.org","@graph":[{"@type":"WebPage","@id":"https:\/\/www.imdhd.org\/dignificando-la-memoria\/el-proyecto\/","url":"https:\/\/www.imdhd.org\/dignificando-la-memoria\/el-proyecto\/","name":"El proyecto - Dignificando la Memoria","isPartOf":{"@id":"http:\/\/www.imdhd.org\/dignificando-la-memoria\/#website"},"datePublished":"2021-07-20T22:05:25+00:00","dateModified":"2021-08-03T00:40:57+00:00","breadcrumb":{"@id":"https:\/\/www.imdhd.org\/dignificando-la-memoria\/el-proyecto\/#breadcrumb"},"inLanguage":"es","potentialAction":[{"@type":"ReadAction","target":["https:\/\/www.imdhd.org\/dignificando-la-memoria\/el-proyecto\/"]}]},{"@type":"BreadcrumbList","@id":"https:\/\/www.imdhd.org\/dignificando-la-memoria\/el-proyecto\/#breadcrumb","itemListElement":[{"@type":"ListItem","position":1,"name":"Portada","item":"http:\/\/www.imdhd.org\/dignificando-la-memoria\/"},{"@type":"ListItem","position":2,"name":"El proyecto"}]},{"@type":"WebSite","@id":"http:\/\/www.imdhd.org\/dignificando-la-memoria\/#website","url":"http:\/\/www.imdhd.org\/dignificando-la-memoria\/","name":"Dignificando la Memoria","description":"Un proyecto que rescata y dignifica la memoria de las personas desaparecidas en M&eacute;xico","publisher":{"@id":"http:\/\/www.imdhd.org\/dignificando-la-memoria\/#organization"},"potentialAction":[{"@type":"SearchAction","target":{"@type":"EntryPoint","urlTemplate":"http:\/\/www.imdhd.org\/dignificando-la-memoria\/?s={search_term_string}"},"query-input":"required name=search_term_string"}],"inLanguage":"es"},{"@type":"Organization","@id":"http:\/\/www.imdhd.org\/dignificando-la-memoria\/#organization","name":"Dignificando la Memoria","url":"http:\/\/www.imdhd.org\/dignificando-la-memoria\/","logo":{"@type":"ImageObject","inLanguage":"es","@id":"http:\/\/www.imdhd.org\/dignificando-la-memoria\/#\/schema\/logo\/image\/","url":"https:\/\/www.imdhd.org\/dignificando-la-memoria\/wp-content\/uploads\/2021\/07\/id-dignificando-1.svg","contentUrl":"https:\/\/www.imdhd.org\/dignificando-la-memoria\/wp-content\/uploads\/2021\/07\/id-dignificando-1.svg","caption":"Dignificando la Memoria"},"image":{"@id":"http:\/\/www.imdhd.org\/dignificando-la-memoria\/#\/schema\/logo\/image\/"}}]}},"_links":{"self":[{"href":"https:\/\/www.imdhd.org\/dignificando-la-memoria\/wp-json\/wp\/v2\/pages\/59","targetHints":{"allow":["GET"]}}],"collection":[{"href":"https:\/\/www.imdhd.org\/dignificando-la-memoria\/wp-json\/wp\/v2\/pages"}],"about":[{"href":"https:\/\/www.imdhd.org\/dignificando-la-memoria\/wp-json\/wp\/v2\/types\/page"}],"author":[{"embeddable":true,"href":"https:\/\/www.imdhd.org\/dignificando-la-memoria\/wp-json\/wp\/v2\/users\/1"}],"replies":[{"embeddable":true,"href":"https:\/\/www.imdhd.org\/dignificando-la-memoria\/wp-json\/wp\/v2\/comments?post=59"}],"version-history":[{"count":3,"href":"https:\/\/www.imdhd.org\/dignificando-la-memoria\/wp-json\/wp\/v2\/pages\/59\/revisions"}],"predecessor-version":[{"id":173,"href":"https:\/\/www.imdhd.org\/dignificando-la-memoria\/wp-json\/wp\/v2\/pages\/59\/revisions\/173"}],"wp:attachment":[{"href":"https:\/\/www.imdhd.org\/dignificando-la-memoria\/wp-json\/wp\/v2\/media?parent=59"}],"curies":[{"name":"wp","href":"https:\/\/api.w.org\/{rel}","templated":true}]}}

<p>Este proyecto busca propiciar las condiciones para que la voz de los familiares de las víctimas de desaparición sea atendida con el mayor respeto. A través del mismo, las personas que han proporcionado su testimonio han sido capaces de alzar la voz y tejer una memoria colectiva que perdurará para la posteridad, manteniendo viva la llama de la búsqueda de sus seres queridos.</p>



<p>Como legado del proyecto, esta herramienta tecnológica queda a disposición de cualquier persona, colectivo u organización para que, por su propia cuenta, puedan documentar su caso o algún otro que sea de su interés. Una de las finalidades del proyecto es que este mosaico de testimonios continúe alimentándose para constituir y desarrollar una historia lo más amplia y abarcadora posible a través de una base de datos que está a disposición en la CEAV.</p>



<p>En este aplicativo puede encontrar solamente los videos y audios de los familiares que brindaron su autorización para difundir y publicar su información.</p>



<h3 class="wp-block-heading">Antecedentes del proyecto</h3>



<p>El presente trabajo deriva de la resolución número CEAV/CIE/0248/2018 de fecha 24/09/2018, a través de la cual la CEAV determina medidas de satisfacción de carácter colectivo, como parte del derecho a la reparación colectiva a favor de las víctimas de desaparición forzada y desaparición cometida por particulares en el Estado de Veracruz.</p>

<p>Este proyecto busca propiciar las condiciones para que la voz de los familiares de las víctimas de desaparición sea atendida con el mayor respeto. A través del mismo, las personas que han proporcionado su testimonio han sido capaces de alzar la voz y tejer una memoria colectiva que perdurará para la posteridad, manteniendo viva la [&hellip;]</p>

<!-- This site is optimized with the Yoast SEO plugin v21.8 - https://yoast.com/wordpress/plugins/seo/ -->
<title>El proyecto - Dignificando la Memoria</title>
<meta name="robots" content="index, follow, max-snippet:-1, max-image-preview:large, max-video-preview:-1" />
<link rel="canonical" href="https://www.imdhd.org/dignificando-la-memoria/el-proyecto/" />
<meta property="og:locale" content="es_ES" />
<meta property="og:type" content="article" />
<meta property="og:title" content="El proyecto - Dignificando la Memoria" />
<meta property="og:description" content="Este proyecto busca propiciar las condiciones para que la voz de los familiares de las víctimas de desaparición sea atendida con el mayor respeto. A través del mismo, las personas que han proporcionado su testimonio han sido capaces de alzar la voz y tejer una memoria colectiva que perdurará para la posteridad, manteniendo viva la [&hellip;]" />
<meta property="og:url" content="https://www.imdhd.org/dignificando-la-memoria/el-proyecto/" />
<meta property="og:site_name" content="Dignificando la Memoria" />
<meta property="article:modified_time" content="2021-08-03T00:40:57+00:00" />
<meta name="twitter:card" content="summary_large_image" />
<meta name="twitter:label1" content="Tiempo de lectura" />
	<meta name="twitter:data1" content="1 minuto" />
<script type="application/ld+json" class="yoast-schema-graph">{"@context":"https://schema.org","@graph":[{"@type":"WebPage","@id":"https://www.imdhd.org/dignificando-la-memoria/el-proyecto/","url":"https://www.imdhd.org/dignificando-la-memoria/el-proyecto/","name":"El proyecto - Dignificando la Memoria","isPartOf":{"@id":"http://www.imdhd.org/dignificando-la-memoria/#website"},"datePublished":"2021-07-20T22:05:25+00:00","dateModified":"2021-08-03T00:40:57+00:00","breadcrumb":{"@id":"https://www.imdhd.org/dignificando-la-memoria/el-proyecto/#breadcrumb"},"inLanguage":"es","potentialAction":[{"@type":"ReadAction","target":["https://www.imdhd.org/dignificando-la-memoria/el-proyecto/"]}]},{"@type":"BreadcrumbList","@id":"https://www.imdhd.org/dignificando-la-memoria/el-proyecto/#breadcrumb","itemListElement":[{"@type":"ListItem","position":1,"name":"Portada","item":"http://www.imdhd.org/dignificando-la-memoria/"},{"@type":"ListItem","position":2,"name":"El proyecto"}]},{"@type":"WebSite","@id":"http://www.imdhd.org/dignificando-la-memoria/#website","url":"http://www.imdhd.org/dignificando-la-memoria/","name":"Dignificando la Memoria","description":"Un proyecto que rescata y dignifica la memoria de las personas desaparecidas en M&eacute;xico","publisher":{"@id":"http://www.imdhd.org/dignificando-la-memoria/#organization"},"potentialAction":[{"@type":"SearchAction","target":{"@type":"EntryPoint","urlTemplate":"http://www.imdhd.org/dignificando-la-memoria/?s={search_term_string}"},"query-input":"required name=search_term_string"}],"inLanguage":"es"},{"@type":"Organization","@id":"http://www.imdhd.org/dignificando-la-memoria/#organization","name":"Dignificando la Memoria","url":"http://www.imdhd.org/dignificando-la-memoria/","logo":{"@type":"ImageObject","inLanguage":"es","@id":"http://www.imdhd.org/dignificando-la-memoria/#/schema/logo/image/","url":"https://www.imdhd.org/dignificando-la-memoria/wp-content/uploads/2021/07/id-dignificando-1.svg","contentUrl":"https://www.imdhd.org/dignificando-la-memoria/wp-content/uploads/2021/07/id-dignificando-1.svg","caption":"Dignificando la Memoria"},"image":{"@id":"http://www.imdhd.org/dignificando-la-memoria/#/schema/logo/image/"}}]}</script>
<!-- / Yoast SEO plugin. -->

Este proyecto busca propiciar las condiciones para que la voz de los familiares de las víctimas de desaparición sea atendida con el mayor respeto. A través del mismo, las personas que han proporcionado su testimonio han sido capaces de alzar la voz y tejer una memoria colectiva que perdurará para la posteridad, manteniendo viva la [&hellip;]
